{"id":141,"date":"2014-04-21T21:58:50","date_gmt":"2014-04-21T20:58:50","guid":{"rendered":"http:\/\/inrameknes.info\/?page_id=141"},"modified":"2024-09-30T17:07:05","modified_gmt":"2024-09-30T16:07:05","slug":"service-administratif-sa","status":"publish","type":"page","link":"https:\/\/inrameknes.info\/?page_id=141","title":{"rendered":"Service administratif (SA)"},"content":{"rendered":"\n<h2 class=\"wp-block-heading\">Mission<\/h2>\n\n\n\n<p>Gestion des ressources humaines et financi\u00e8res du CRRA Mekn\u00e8s et notamment : le personnel &#8211; les approvisionnements &#8211; la gestion budg\u00e9taire &#8211; la comptabilit\u00e9 g\u00e9n\u00e9rale et des conventions \u2013 la gestion du patrimoine \u2013 la gestion du parc auto \u2013 l\u2019entretien des locaux \u2013 le Bureau d\u2019ordre.<\/p>\n\n\n\n<h2 class=\"wp-block-heading\">\u00c9quipe du SA<\/h2>\n\n\n\n<ul class=\"wp-block-list\">\n<li>Mohamed Alghoum (Chef du Service).<\/li>\n\n\n\n<li>Ali El Kara (Administrateur)<\/li>\n\n\n\n<li>Fatima Benkhali (Bureau d\u2019ordre).<\/li>\n\n\n\n<li>Serghini Bouanine (Chauffeur).<\/li>\n\n\n\n<li>Abdelhak Enaciri (Chauffeur).<\/li>\n<\/ul>\n\n\n\n<p><a title=\"Adresses e-mail\" href=\"http:\/\/inrameknes.info\/?page_id=299&amp;preview=true\" target=\"_blank\" rel=\"noopener\">Mailing liste<\/a><\/p>\n","protected":false},"excerpt":{"rendered":"<p>Mission Gestion des ressources humaines et financi\u00e8res du CRRA Mekn\u00e8s et notamment : le personnel &#8211; les approvisionnements &#8211; la gestion budg\u00e9taire &#8211; la comptabilit\u00e9 g\u00e9n\u00e9rale et des conventions \u2013 la gestion du patrimoine \u2013 la gestion du parc auto &hellip; <a href=\"https:\/\/inrameknes.info\/?page_id=141\">Continuer la lecture <span class=\"meta-nav\">&rarr;<\/span><\/a><\/p>\n","protected":false},"author":1,"featured_media":0,"parent":0,"menu_order":0,"comment_status":"closed","ping_status":"open","template":"","meta":{"footnotes":""},"class_list":["post-141","page","type-page","status-publish","hentry"],"_links":{"self":[{"href":"https:\/\/inrameknes.info\/index.php?rest_route=\/wp\/v2\/pages\/141","targetHints":{"allow":["GET"]}}],"collection":[{"href":"https:\/\/inrameknes.info\/index.php?rest_route=\/wp\/v2\/pages"}],"about":[{"href":"https:\/\/inrameknes.info\/index.php?rest_route=\/wp\/v2\/types\/page"}],"author":[{"embeddable":true,"href":"https:\/\/inrameknes.info\/index.php?rest_route=\/wp\/v2\/users\/1"}],"replies":[{"embeddable":true,"href":"https:\/\/inrameknes.info\/index.php?rest_route=%2Fwp%2Fv2%2Fcomments&post=141"}],"version-history":[{"count":6,"href":"https:\/\/inrameknes.info\/index.php?rest_route=\/wp\/v2\/pages\/141\/revisions"}],"predecessor-version":[{"id":4978,"href":"https:\/\/inrameknes.info\/index.php?rest_route=\/wp\/v2\/pages\/141\/revisions\/4978"}],"wp:attachment":[{"href":"https:\/\/inrameknes.info\/index.php?rest_route=%2Fwp%2Fv2%2Fmedia&parent=141"}],"curies":[{"name":"wp","href":"https:\/\/api.w.org\/{rel}","templated":true}]}}