{"id":139,"date":"2014-04-21T21:58:00","date_gmt":"2014-04-21T20:58:00","guid":{"rendered":"http:\/\/inrameknes.info\/?page_id=139"},"modified":"2026-01-07T10:27:48","modified_gmt":"2026-01-07T09:27:48","slug":"centre-regional-de-la-recherche-agronomique-de-meknes-lexpertise-scientifique-au-service-du-developpement-agricole-regional","status":"publish","type":"page","link":"http:\/\/inrameknes.info\/?page_id=139","title":{"rendered":"Centre R\u00e9gional de la Recherche Agronomique de Mekn\u00e8s: L\u2019expertise scientifique au service du D\u00e9veloppement agricole r\u00e9gional."},"content":{"rendered":"<div class=\"wp-block-image\">\n<figure class=\"alignright\"><a href=\"http:\/\/inrameknes.info\/wp-content\/uploads\/2014\/04\/crram.jpg\"><img loading=\"lazy\" decoding=\"async\" width=\"300\" height=\"224\" src=\"http:\/\/inrameknes.info\/wp-content\/uploads\/2014\/04\/crram-300x224.jpg\" alt=\"Si\u00e8ge du Centre R\u00e9gional de la Recherche Agronomique de Mekn\u00e8s\" class=\"wp-image-32\" srcset=\"http:\/\/inrameknes.info\/wp-content\/uploads\/2014\/04\/crram-300x224.jpg 300w, http:\/\/inrameknes.info\/wp-content\/uploads\/2014\/04\/crram.jpg 883w\" sizes=\"auto, (max-width: 300px) 100vw, 300px\" \/><\/a><figcaption class=\"wp-element-caption\">Si\u00e8ge du Centre R\u00e9gional de la Recherche Agronomique de Mekn\u00e8s<\/figcaption><\/figure><\/div>\n\n\n<p>Le CRRA Mekn\u00e8s est une institution \u00e0 profond ancrage historique qui d\u00e9veloppe une strat\u00e9gie de recherche actualis\u00e9e pour la production de technologies, connaissances et m\u00e9thodes. Les recherches du centre accompagnent la mise en \u0153uvre des plans r\u00e9gionaux adopt\u00e9s dans le cadre de la strat\u00e9gie \u00ab\u00a0Generation Green 2020-2030\u00a0\u00bb et en \u00e9troite collaboration avec le d\u00e9veloppement et la profession.<\/p>\n\n\n\n<!--more-->\n\n\n\n<h2 class=\"wp-block-heading\">Une mission de recherche cibl\u00e9e sur le d\u00e9veloppement agricole<\/h2>\n\n\n\n<ul class=\"wp-block-list\">\n<li>Une meilleure connaissance du milieu (naturel et socio-\u00e9conomique) et le d\u00e9veloppement des technologies performantes pour r\u00e9pondre aux besoins de l\u2019agriculture de notre zone d\u2019action (production de mat\u00e9riel v\u00e9g\u00e9tal, de connaissances et de m\u00e9thodes).<\/li>\n\n\n\n<li>La valorisation et la diffusion des acquis de la recherche agronomique ciblant les environnements semi-aride, sub-humide et de montagne.<\/li>\n<\/ul>\n\n\n\n<h2 class=\"wp-block-heading\">Des projets de recherche \u00e0 moyen terme en prise avec les probl\u00e9matiques prioritaires du d\u00e9veloppement agricole<\/h2>\n\n\n\n<p><strong>Les M\u00e9gaprojets de recherche 2021-24 domicili\u00e9s au CRRA Mekn\u00e8s&nbsp;:<\/strong><\/p>\n\n\n\n<ul class=\"wp-block-list\">\n<li>Am\u00e9lioration de la durabilit\u00e9 et la comp\u00e9titivit\u00e9 de la production fruiti\u00e8re et viticole (Coord. Dr R. Razouk &#8211; URAPV).<\/li>\n\n\n\n<li>Am\u00e9lioration de la production c\u00e9r\u00e9ali\u00e8re nationale dans le contexte du changement climatique (Coord. Dr M. Ferrahi &#8211; URAPCRG).<\/li>\n\n\n\n<li>Am\u00e9lioration de la productivit\u00e9, de la qualit\u00e9 et de l\u2019adaptation des cultures ol\u00e9agineuses et valorisation technologique des vari\u00e9t\u00e9s marocaines (Coord. Dr A. Nabloussi &#8211; URAPCRG).<\/li>\n<\/ul>\n\n\n\n<p><strong>Les M\u00e9gaprojets 2021-24 impliquant des chercheurSEs du CRRA Mekn\u00e8s&nbsp;:<\/strong><\/p>\n\n\n\n<ul class=\"wp-block-list\">\n<li>Am\u00e9lioration de la productivit\u00e9 et valorisation des l\u00e9gumineuses alimentaires pour un meilleur d\u00e9veloppement agricole durable.<\/li>\n\n\n\n<li>Am\u00e9lioration de la productivit\u00e9, de la durabilit\u00e9 et de la comp\u00e9titivit\u00e9 de l&rsquo;ol\u00e9iculture marocaine face aux changements globaux.<\/li>\n\n\n\n<li>Am\u00e9lioration de la productivit\u00e9 et de la comp\u00e9titivit\u00e9 de la fili\u00e8re mara\u00eech\u00e8re.<\/li>\n\n\n\n<li>D\u00e9veloppement des pratiques agro\u00e9cologiques pour des syst\u00e8mes agricoles r\u00e9silients en zones semi-arides.<\/li>\n\n\n\n<li>Outils d&rsquo;aide \u00e0 la d\u00e9cision pour la gestion pr\u00e9visionnelle.<\/li>\n\n\n\n<li>Diffusion et transfert des innovations.<\/li>\n<\/ul>\n\n\n\n<h2 class=\"wp-block-heading\">Des comp\u00e9tences scientifiques et techniques pluridisciplinaires confirm\u00e9es<\/h2>\n\n\n\n<ul class=\"wp-block-list\">\n<li>21 ChercheurSEs sp\u00e9cialis\u00e9s dans diff\u00e9rentes disciplines des sciences agronomiques et humaines (am\u00e9lioration g\u00e9n\u00e9tique, phytiatrie, biotechnologie, agronomie, physiologie v\u00e9g\u00e9tale, horticulture, agrom\u00e9t\u00e9orologie, p\u00e9dologie, chimie des sols, agro \u00e9conomie, sociologie et communication) ;<\/li>\n\n\n\n<li>17 TechnicienNEs de recherche ;<\/li>\n\n\n\n<li>Un&nbsp;administrateur ;<\/li>\n\n\n\n<li>22 DoctorantEs et 13 Masters.<\/li>\n\n\n\n<li>30 Agents.<\/li>\n<\/ul>\n\n\n\n<h2 class=\"wp-block-heading\">Une zone d\u2019action agricole par excellence<\/h2>\n\n\n\n<p><strong>La R\u00e9gion F\u00e8s-Mekn\u00e8s est l&rsquo;un des p\u00f4les agricoles les plus importants au niveau national :<\/strong><\/p>\n\n\n\n<ul class=\"wp-block-list\">\n<li>Grandes potentialit\u00e9s en ressources naturelles : richesse p\u00e9doclimatique et ressources en eau importantes.<\/li>\n\n\n\n<li>Diversit\u00e9 des syst\u00e8mes de culture.<\/li>\n\n\n\n<li>Industrie agroalimentaire d\u00e9velopp\u00e9e.<\/li>\n\n\n\n<li>L\u2019Agropole de Mekn\u00e8s ; une plateforme de recherche-d\u00e9veloppement et de promotion des projets d\u2019industrie agroalimentaire.<\/li>\n<\/ul>\n\n\n<div class=\"wp-block-image\">\n<figure class=\"alignright\"><a href=\"http:\/\/inrameknes.info\/wp-content\/uploads\/2014\/04\/Carte-R\u00e9gion-F\u00e8s-Mekn\u00e8s.jpg\"><img loading=\"lazy\" decoding=\"async\" width=\"300\" height=\"220\" src=\"http:\/\/inrameknes.info\/wp-content\/uploads\/2014\/04\/Carte-R\u00e9gion-F\u00e8s-Mekn\u00e8s-300x220.jpg\" alt=\"Carte R\u00e9gion F\u00e8s Mekn\u00e8s\" class=\"wp-image-2662\" srcset=\"http:\/\/inrameknes.info\/wp-content\/uploads\/2014\/04\/Carte-R\u00e9gion-F\u00e8s-Mekn\u00e8s-300x220.jpg 300w, http:\/\/inrameknes.info\/wp-content\/uploads\/2014\/04\/Carte-R\u00e9gion-F\u00e8s-Mekn\u00e8s.jpg 945w\" sizes=\"auto, (max-width: 300px) 100vw, 300px\" \/><\/a><\/figure><\/div>\n\n\n<p><strong>Donn\u00e9es agricoles :&nbsp;<\/strong><\/p>\n\n\n\n<ul class=\"wp-block-list\">\n<li>SAU : 1,34 millions Ha (15% SAU Maroc).<\/li>\n\n\n\n<li>Irrigu\u00e9 : 13,7% SAU (extension future \u2013 Projet de transfert d\u2019eau depuis le barrage Mdez).<\/li>\n\n\n\n<li>Principales fili\u00e8res v\u00e9g\u00e9tales : C\u00e9r\u00e9ales : 779.000 Ha (17% de la production nationale) &#8211; Olivier : 343.000 Ha (32 % de la production nationale) &#8211; Rosac\u00e9es fruiti\u00e8res &#8211; L\u00e9gumineuses &#8211; Ol\u00e9agineuses &#8211; Mara\u00eechages&#8230;<\/li>\n<\/ul>\n\n\n\n<h2 class=\"wp-block-heading\">Des prestations et services de qualit\u00e9<\/h2>\n\n\n\n<ul class=\"wp-block-list\">\n<li>R\u00e9alisation d\u2019\u00e9tudes et de recherches.<\/li>\n\n\n\n<li>Conception et r\u00e9alisation de projets de d\u00e9veloppement agricole.<\/li>\n\n\n\n<li>Analyse du sol, eau et plante et diagnostic de l\u2019\u00e9tat sanitaire des cultures.<\/li>\n\n\n\n<li>Animation de sessions de formation, de perfectionnement et de transfert de technologie.<\/li>\n\n\n\n<li>Elaboration de supports de vulgarisation (fiche technique, CD interactif, supports de projection, \u2026).<\/li>\n\n\n\n<li>Encadrement de th\u00e9sards, m\u00e9morisants et de stagiaires.<\/li>\n<\/ul>\n","protected":false},"excerpt":{"rendered":"<p>Le CRRA Mekn\u00e8s est une institution \u00e0 profond ancrage historique qui d\u00e9veloppe une strat\u00e9gie de recherche actualis\u00e9e pour la production de technologies, connaissances et m\u00e9thodes. Les recherches du centre accompagnent la mise en \u0153uvre des plans r\u00e9gionaux adopt\u00e9s dans le &hellip; <a href=\"http:\/\/inrameknes.info\/?page_id=139\">Continuer la lecture <span class=\"meta-nav\">&rarr;<\/span><\/a><\/p>\n","protected":false},"author":1,"featured_media":0,"parent":0,"menu_order":0,"comment_status":"closed","ping_status":"open","template":"","meta":{"footnotes":""},"class_list":["post-139","page","type-page","status-publish","hentry"],"_links":{"self":[{"href":"http:\/\/inrameknes.info\/index.php?rest_route=\/wp\/v2\/pages\/139","targetHints":{"allow":["GET"]}}],"collection":[{"href":"http:\/\/inrameknes.info\/index.php?rest_route=\/wp\/v2\/pages"}],"about":[{"href":"http:\/\/inrameknes.info\/index.php?rest_route=\/wp\/v2\/types\/page"}],"author":[{"embeddable":true,"href":"http:\/\/inrameknes.info\/index.php?rest_route=\/wp\/v2\/users\/1"}],"replies":[{"embeddable":true,"href":"http:\/\/inrameknes.info\/index.php?rest_route=%2Fwp%2Fv2%2Fcomments&post=139"}],"version-history":[{"count":46,"href":"http:\/\/inrameknes.info\/index.php?rest_route=\/wp\/v2\/pages\/139\/revisions"}],"predecessor-version":[{"id":5697,"href":"http:\/\/inrameknes.info\/index.php?rest_route=\/wp\/v2\/pages\/139\/revisions\/5697"}],"wp:attachment":[{"href":"http:\/\/inrameknes.info\/index.php?rest_route=%2Fwp%2Fv2%2Fmedia&parent=139"}],"curies":[{"name":"wp","href":"https:\/\/api.w.org\/{rel}","templated":true}]}}